{"id":5681,"date":"2020-06-30T12:29:36","date_gmt":"2020-06-30T12:29:36","guid":{"rendered":"https:\/\/www.jrpmatt.polimi.it\/?page_id=5681"},"modified":"2020-07-10T09:05:57","modified_gmt":"2020-07-10T09:05:57","slug":"frigerio","status":"publish","type":"page","link":"https:\/\/www.jrpmatt.polimi.it\/?page_id=5681","title":{"rendered":"Mario Frigerio spa"},"content":{"rendered":"<section class=\"wpb-content-wrapper\"><p>[vc_row][vc_column][vc_empty_space][vc_empty_space][vc_row_inner][vc_column_inner width=&#8221;1\/2&#8243;][vc_single_image image=&#8221;5808&#8243; img_size=&#8221;large&#8221; onclick=&#8221;custom_link&#8221; img_link_target=&#8221;_blank&#8221; link=&#8221;https:\/\/www.mflgroup.com\/EN\/brand\/mario-frigerio&#8221;][\/vc_column_inner][vc_column_inner width=&#8221;1\/2&#8243;][vc_column_text]MFL GROUP is an engineering and manufacturing group of companies headquartered in Molteno (Italy) that enjoys a 120-year industrial legacy (founded 1897). We design and build the highest quality and best performing Wire Drawing, Stranding-Screening-Armoring and Extrusion Machinery for the production of wire, cable and rope. Over the last years 30 years, the group has invested heavily in developing new products and services, with the aim to offer complete vertically integrated turn-key solutions to the ferrous and non-ferrous wire, cable and rope manufacturers. Machinery is manufactured under six brands: MARIO FRIGERIO, FRIGECO, KOCH, CABALL\u00c9, OM LESMO and EURODRAW ENERGY. Our organization is built to support its long-term strategy. The entire group employs more than 360 people (80 Engineers) based in two manufacturing units in Italy, one in Spain, one unit in China, two sales &amp;amp; service offices in the USA, one sales &amp;amp; service office in China and one sales office in Switzerland. Our technology, machinery and satisfied customers are spread throughout more than 100 countries around the world.[\/vc_column_text][\/vc_column_inner][\/vc_row_inner][vc_row_inner disable_element=&#8221;yes&#8221;][vc_column_inner][vc_empty_space][vc_column_text]<\/p>\n<h2>I\u00a0 Fondatori aziendali rispondono<\/h2>\n<p>[\/vc_column_text][vc_empty_space][vc_column_text]<strong>Come primo socio fondatore e proprietaria della futura sede del JRC MATT, qual \u00e8 secondo lei l\u2019importanza della condivisione degli spazi e della prossimit\u00e0 fisica nello sviluppo di un progetto di innovazione complesso come quello che sta nascendo con il JRC? Quale vantaggio nell\u2019innovare insieme nello stesso luogo? <\/strong><\/p>\n<p>\u201cL\u2019Open Innovation \u00e8 un approccio strategico e culturale all\u2019innovazione: oggi \u00e8 pi\u00f9 competitivo non chi produce innovazione internamente ma chi riesce a modulare al meglio ci\u00f2 che viene da dentro e ci\u00f2 che pu\u00f2 ricavare dai player esterni. Con la nascita di aree adibite a Distretti di Innovazione, come il JRC Matt, stanno emergendo nuove teorie su come queste iniziative di Open Innovation dovrebbero essere progettate. Tali aree presentano caratteristiche comuni: la vicinanza a universit\u00e0 e centri di ricerca, la concentrazione in un\u2019area sub-urbana in via di riqualificazione, l\u2019elevata connessione urbana tramite mezzi di trasporto efficienti, la presenza di servizi per i cittadini. L\u2019Open Innovation non \u00e8 solo una boccata d\u2019aria per il progresso tecnologico ma ha una potente connotazione sociale e umana\u201d.<\/p>\n<p><strong>Lucia Frigerio<\/strong>, Owner &amp; Executive Vice-President di MFL Group[\/vc_column_text][\/vc_column_inner][\/vc_row_inner][\/vc_column][\/vc_row]<\/p>\n<\/section>","protected":false},"excerpt":{"rendered":"<p>[vc_row][vc_column][vc_empty_space][vc_empty_space][vc_row_inner][vc_column_inner width=&#8221;1\/2&#8243;][vc_single_image image=&#8221;5808&#8243; img_size=&#8221;large&#8221; onclick=&#8221;custom_link&#8221; img_link_target=&#8221;_blank&#8221; link=&#8221;https:\/\/www.mflgroup.com\/EN\/brand\/mario-frigerio&#8221;][\/vc_column_inner][vc_column_inner width=&#8221;1\/2&#8243;][vc_column_text]MFL GROUP is an engineering and manufacturing group of companies headquartered in Molteno (Italy) that enjoys a 120-year industrial legacy (founded 1897). We design and build the highest quality and best performing Wire Drawing, Stranding-Screening-Armoring and Extrusion Machinery for the production of wire, cable and rope. Over the [&hellip;]<\/p>\n","protected":false},"author":2,"featured_media":0,"parent":5624,"menu_order":0,"comment_status":"closed","ping_status":"closed","template":"","meta":{"footnotes":""},"class_list":["post-5681","page","type-page","status-publish","hentry"],"_links":{"self":[{"href":"https:\/\/www.jrpmatt.polimi.it\/index.php?rest_route=\/wp\/v2\/pages\/5681","targetHints":{"allow":["GET"]}}],"collection":[{"href":"https:\/\/www.jrpmatt.polimi.it\/index.php?rest_route=\/wp\/v2\/pages"}],"about":[{"href":"https:\/\/www.jrpmatt.polimi.it\/index.php?rest_route=\/wp\/v2\/types\/page"}],"author":[{"embeddable":true,"href":"https:\/\/www.jrpmatt.polimi.it\/index.php?rest_route=\/wp\/v2\/users\/2"}],"replies":[{"embeddable":true,"href":"https:\/\/www.jrpmatt.polimi.it\/index.php?rest_route=%2Fwp%2Fv2%2Fcomments&post=5681"}],"version-history":[{"count":5,"href":"https:\/\/www.jrpmatt.polimi.it\/index.php?rest_route=\/wp\/v2\/pages\/5681\/revisions"}],"predecessor-version":[{"id":5811,"href":"https:\/\/www.jrpmatt.polimi.it\/index.php?rest_route=\/wp\/v2\/pages\/5681\/revisions\/5811"}],"up":[{"embeddable":true,"href":"https:\/\/www.jrpmatt.polimi.it\/index.php?rest_route=\/wp\/v2\/pages\/5624"}],"wp:attachment":[{"href":"https:\/\/www.jrpmatt.polimi.it\/index.php?rest_route=%2Fwp%2Fv2%2Fmedia&parent=5681"}],"curies":[{"name":"wp","href":"https:\/\/api.w.org\/{rel}","templated":true}]}}